
What is 493a (base 11) in base 4?
1210320
Convert -213112 (base 5) to base 16.
-1c72
100110010100 (base 2) to base 12
1504
a62 (base 12) to base 8
2752
7361 (base 15) to base 6
304531
Convert 22450 (base 11) to base 3.
1122120002
-39f (base 16) to base 9
-1240
29660 (base 10) to base 13
10667
What is 4101 (base 6) in base 3?
1020101
4aa6 (base 12) to base 4
2010132
Convert -1000000010001 (base 2) to base 6.
-31013
What is -3919 (base 14) in base 5?
-310034
What is 2021 (base 9) in base 8?
2705
-2033031 (base 4) to base 10
-9165
Convert 1261 (base 8) to base 10.
689
What is -330 (base 10) in base 5?
-2310
2151 (base 10) to base 9
2850
10922 (base 12) to base 5
1201213
11022002 (base 3) to base 16
c3e
What is -10011222221 (base 3) in base 4?
-33103210
Convert -19a (base 12) to base 14.
-14a
-920 (base 10) to base 6
-4132
-1b1 (base 16) to base 3
-121001
-3453 (base 6) to base 8
-1471
What is 27a76 (base 11) in base 12?
1b104
-133411 (base 6) to base 8
-30257
Convert -110120 (base 4) to base 5.
-20204
-31414 (base 5) to base 13
-c63
Convert 679 (base 10) to base 2.
1010100111
What is -11140 (base 6) in base 14?
-804
-be3 (base 16) to base 9
-4151
-283 (base 14) to base 8
-773
Convert -4a8 (base 13) to base 14.
-422
163276 (base 8) to base 11
40420
What is 206221 (base 7) in base 5?
2121120
Convert -bf5 (base 16) to base 2.
-101111110101
-7ba7 (base 14) to base 13
-9a39
165 (base 13) to base 7
510
Convert -1205 (base 11) to base 13.
-945
Convert -12012 (base 4) to base 14.
-1dc
Convert -10303 (base 6) to base 13.
-843
Convert -21122 (base 3) to base 8.
-316
What is -248a (base 13) in base 10?
-5184
Convert 3344 (base 8) to base 11.
1364
What is 20462 (base 9) in base 3?
200112002
Convert -414434 (base 5) to base 15.
-4114
-27a9 (base 11) to base 14
-1472
Convert 6622 (base 8) to base 15.
1069
-59 (base 16) to base 6
-225
What is e4b (base 15) in base 6?
22525
What is -250234 (base 6) in base 4?
-11121232
-40426 (base 9) to base 13
-c147
What is 212324 (base 5) in base 3?
100220012
Convert -43a4 (base 14) to base 2.
-10110110111100
-463 (base 7) to base 5
-1431
2222 (base 6) to base 9
635
34546 (base 9) to base 10
23046
-101111100111 (base 2) to base 16
-be7
Convert -10010100100 (base 2) to base 8.
-2244
Convert -31722 (base 8) to base 6.
-141230
-2603 (base 10) to base 7
-10406
37a (base 11) to base 6
2030
Convert -1369 (base 14) to base 10.
-3425
What is -58331 (base 9) in base 6?
-500044
10122202 (base 3) to base 7
10526
Convert 3ba (base 16) to base 5.
12304
What is 13098 (base 10) in base 5?
404343
Convert 413 (base 8) to base 5.
2032
1566 (base 16) to base 9
7456
Convert -21233 (base 4) to base 5.
-4443
2567 (base 10) to base 6
15515
What is 624 (base 10) in base 3?
212010
What is -75 (base 15) in base 13?
-86
Convert 3511 (base 6) to base 9.
1127
Convert 113 (base 7) to base 14.
43
-1120220 (base 3) to base 8
-2206
Convert -b119 (base 12) to base 7.
-106620
-b85 (base 12) to base 5
-23220
Convert 28c (base 16) to base 6.
3004
Convert 212001120 (base 3) to base 15.
4ea9
What is 111001011 (base 2) in base 13?
294
-2a3 (base 16) to base 12
-483
Convert 12340 (base 10) to base 4.
3000310
What is -2720 (base 9) in base 12?
-1223
4849 (base 10) to base 15
1684
What is 20003333 (base 4) in base 6?
412515
-10210202 (base 3) to base 9
-3722
What is -11310 (base 4) in base 15?
-19c
24c2 (base 14) to base 5
201232
-10001001111011010 (base 2) to base 6
-1302534
What is -2461 (base 9) in base 3?
-2112001
355 (base 8) to base 9
283
2112 (base 6) to base 5
3401
Convert 311 (base 14) to base 6.
2443
17623 (base 8) to base 4
1332103
Convert -110110010 (base 2) to base 4.
-12302
314 (base 8) to base 4
3030
42751 (base 8) to base 6
214505
Convert 54210 (base 7) to base 9.
20440
Convert -13d35 (base 15) to base 4.
-33203231
Convert -913 (base 10) to base 12.
-641
What is 11110111 (base 3) in base 6?
23021
Convert 68a6 (base 11) to base 14.
343c
Convert 1046 (base 7) to base 13.
230
Convert 336 (base 13) to base 15.
26c
Convert -140 (base 11) to base 3.
-20010
Convert 351c (base 13) to base 2.
1110100100101
What is 2001120021 (base 3) in base 5?
2244012
What is 1400 (base 11) in base 16?
717
Convert -11cc (base 14) to base 12.
-1980
-505 (base 12) to base 6
-3205
Convert -1022 (base 8) to base 4.
-20102
1110212 (base 3) to base 5
13301
What is -2444 (base 11) in base 3?
-11101022
Convert -1131 (base 7) to base 5.
-3124
19865 (base 14) to base 10
64769
What is -4e0 (base 16) in base 9?
-1636
12114 (base 6) to base 2
11011101110
-515 (base 8) to base 6
-1313
Convert -f3a (base 16) to base 10.
-3898
Convert 641 (base 7) to base 6.
1255
What is -1322 (base 6) in base 13?
-200
What is 102121 (base 3) in base 8?
471
Convert -10301 (base 7) to base 5.
-40144
2843 (base 10) to base 13
13a9
What is -110110011 (base 2) in base 16?
-1b3
What is 26322 (base 7) in base 5?
211043
What is -221021 (base 3) in base 4?
-22222
What is 662 (base 15) in base 5?
21232
Convert -2033 (base 6) to base 11.
-382
3cc (base 13) to base 14
363
-220110020 (base 3) to base 13
-8163
What is -1723 (base 15) in base 3?
-20211120
What is 104353 (base 7) in base 12?
a764
Convert 359 (base 13) to base 11.
489
What is 2c4 (base 16) in base 2?
1011000100
What is -2211120 (base 3) in base 10?
-2067
4749 (base 14) to base 11
9365
What is -51737 (base 8) in base 15?
-6566
What is 212002 (base 3) in base 10?
623
What is 13104 (base 6) in base 8?
3700
Convert 3213 (base 8) to base 12.
b77
-9e (base 15) to base 4
-2111
Convert -315 (base 16) to base 14.
-405
What is 3143 (base 5) in base 3?
120200
Convert -2322 (base 4) to base 9.
-226
Convert -379 (base 12) to base 6.
-2233
Convert -22130 (base 10) to base 12.
-10982
Convert 47647 (base 8) to base 11.
14358
Convert 13005 (base 6) to base 7.
5453
4548 (base 9) to base 12
1b45
What is 13535 (base 7) in base 11?
2865
-1011101110 (base 2) to base 10
-750
Convert -4411 (base 15) to base 6.
-150424
What is 26932 (base 12) in base 2?
1100111110110110
What is 1101010000 (base 2) in base 16?
350
-51b (base 12) to base 15
-348
Convert 425 (base 10) to base 9.
522
-40030 (base 7) to base 8
-22631
Convert -21021 (base 4) to base 14.
-2db
What is -22222 (base 3) in base 10?
-242
What is 74b6 (base 14) in base 10?
20152
Convert 1110101001 (base 2) to base 8.
1651
Convert -422 (base 8) to base 7.
-541
Convert 100101101101111 (base 2) to base 8.
45557
-4164 (base 15) to base 3
-200221211
-110001001111 (base 2) to base 4
-301033
-4008 (base 10) to base 13
-1a94
Convert -20461 (base 8) to base 14.
-314d
Convert 55511 (base 6) to base 3.
101121221
What is 1112000 (base 3) in base 6?
5043
1506 (base 11) to base 6
12554
-41 (base 11) to base 7
-63
What is -11263 (base 7) in base 6?
-21211
Convert -401 (base 12) to base 2.
-1001000001
Convert -2da (base 14) to base 5.
-4314
Convert -5203 (base 6) to base 13.
-6ab
Convert -3690 (base 11) to base 8.
-11322
-4614 (base 11) to base 12
-3615
Convert 734 (base 9) to base 11.
4a4
-20bc (base 14) to base 10
-5654
Convert 11011111100010 (base 2) to base 14.
52dc
What is -205 (base 8) in base 6?
-341
Convert 6086 (base 12) to base 15.
3180
What is -26031 (base 8) in base 10?
-11289
What is -120101 (base 3) in base 9?
-511
Convert 50165 (base 9) to base 5.
2023240
58 (base 14) to base 10
78
Convert 238 (base 10) to base 16.
ee
1004 (base 6) to base 5
1340
What is -1211220210 (base 3) in base 16?
-8e26
5462 (base 10) to base 2
1010101010110
Convert -1134042 (base 5) to base 2.
-101001010011011
What is -2171 (base 11) in base 15?
-cab
Convert -44714 (base 8) to base 13.
-87a3
Convert 115173 (base 8) to base 4.
21221323
Convert 7772 (base 11) to base 15.
307d
14520 (base 7) to base 3
12112100
What is -2161 (base 7) in base 5?
-11103
What is 5372 (base 10) in base 11?
4044
Convert -4a8 (base 15) to base 14.
-558
What is b6 (base 13) in base 12?
105
148a (base 11) to base 8
3571
Convert -1010011011110 (base 2) to base 14.
-1d38
Convert 110101110001111 (base 2) to base 3.
1101202211
Convert 2b41 (base 13) to base 14.
2426
12102 (base 5) to base 15
402
11030031 (base 4) to base 6
242233
What is -268 (base 9) in base 4?
-3200
Convert 1101100001111110 (base 2) to base 16.
d87e
What is 39714 (base 12) in base 6?
1404424
Convert 353 (base 15) 